the prime factors of g(11).
3, 5, 17
Let i(n) = n**3 - 4*n**2 - n - 22. List the prime factors of i(9).
2, 11, 17
Let u = -14 + 27. Let s(d) = u*d**3 - 14*d**3 + 4*d**2 - 4*d + 2*d - 1. What are the prime factors of s(2)?
3
Suppose 2*i + 2 = -3*c, 2*i - c = 1 + 5. List the prime factors of ((-108)/30)/(i/(-10)).
2, 3
List the prime factors of (-106)/(-4 + (2 - -1)).
2, 53
Suppose -3*i = -506 + 98. List the prime factors of i.
2, 17
Let s = 144 + 45. List the prime factors of s.
3, 7
Suppose -3*i + 7*i = 376. List the prime factors of i.
2, 47
Suppose 3*g = 2*w - 158, -5*w + 3*w + 154 = -g. List the prime factors of w.
2, 19
Let o be 3 - (6 + 0) - 1. What are the prime factors of (-124)/(-8) - (-2)/o?
3, 5
Let h(r) = -2 + 1 + 27*r**3 + 25*r**3. Let q be h(1). Suppose -4*p = 4*y - 3*y - q, -2*p = -2*y - 28. List the prime factors of p.
13
Let w = 246 + -199. List the prime factors of w.
47
Let b(c) = -c - 2*c**2 + 3 + c**3 - 5 + 2 - 2. List the prime factors of b(3).
2
Let t(g) be the third derivative of g**8/5040 + g**6/720 - g**5/30 + 3*g**2. Let d(r) be the third derivative of t(r). What are the prime factors of d(-1)?
5
Suppose 20*u + 60 = 22*u. List the prime factors of u.
2, 3, 5
Let l(r) = -r + 13. Let i be l(9). Suppose 5*q - 66 = 234. Suppose -t + q = i*t. What are the prime factors of t?
2, 3
Let y(f) = f**3 + 10*f**2 + 6*f - 11. Let w = 3 + -12. List the prime factors of y(w).
2
Let v(h) = h + 11. Let g be v(-8). Suppose g*o + 24 = 6*o. What are the prime factors of o?
2
Suppose 0 = -9*u + 617 - 140. List the prime factors of u.
53
Suppose 3*p + 0*p = 15. Suppose 15 = 4*k - 0*t + 3*t, 8 = k + p*t. List the prime factors of k.
3
Suppose 5*y - 296 = 729. What are the prime factors of y?
5, 41
Let x(d) be the second derivative of 5*d**4/4 - d**2/2 + 2*d. Let t(m) = m - 7. Let j be t(6). List the prime factors of x(j).
2, 7
Suppose h = -2*h + 15. Suppose 3*c + 7 = c - h*d, -31 = -4*c - d. What are the prime factors of c?
3
Let d = 73 - 42. List the prime factors of d.
31
Let m(s) = 2 - 6 + 7*s**2 - 3*s**3 - 2*s + 2*s**3. Let z be m(6). List the prime factors of (-1)/4 + 165/z.
2
What are the prime factors of 2/(-9) - (3 + 6848/(-36))?
11, 17
Let z = 23 + -2. What are the prime factors of z?
3, 7
Let z(l) = 4*l. Let b be z(1). Suppose -b*g + 9*g - 15 = -5*u, -4*g + 5*u = -30. Suppose 0 = 2*c - g - 3. What are the prime factors of c?
2
Suppose -3*j + 1 - 13 = 0, 0 = -3*r + 5*j + 179. What are the prime factors of r?
53
Let y(i) = 8*i**2 + 26*i - 18. List the prime factors of y(-8).
2, 11, 13
Let o = 4 + 2. What are the prime factors of (o/4)/((-12)/(-16))?
2
Let d(n) = n - 8. Let o be d(8). Let b(c) = c**2 + c + 6. List the prime factors of b(o).
2, 3
What are the prime factors of ((-27)/6)/((-4)/8)?
3
Let x = -5 - -9. Suppose x*g - j - 10 = 0, 2*g + 2*j - 2 = -g. List the prime factors of g.
2
Let c(x) = -x**2 - 5*x - 5. Let j(g) = -2*g**2 - 5*g - 6. Let o(q) = 4*c(q) - 3*j(q). List the prime factors of o(4).
2, 5
Suppose 2 = -2*j - 22. List the prime factors of (-15 - j)*(-70)/6.
5, 7
Let h = -1 - -10. What are the prime factors of h?
3
Let a be (2/(-6))/((-1)/6). Suppose -a*x = -31 - 13. List the prime factors of x.
2, 11
Suppose 15 + 9 = -y - 4*f, -f = 2*y + 20. Let t be (-4)/y + (-258)/(-4). Suppose 0 = g - 6*g + t. What are the prime factors of g?
13
Let f = -13 - -27. What are the prime factors of f?
2, 7
Suppose 5*d = 5*n + 90, d - 56 = -2*d + 2*n. Suppose -d = b - 6*b. What are the prime factors of b?
2
Suppose -168 = -8*c + 3*c - 2*k, 0 = -5*c - 5*k + 165. List the prime factors of c.
2, 17
Let r = 475 + -265. List the prime factors of r.
2, 3, 5, 7
Suppose 0 = j + 4*j - 30. Suppose -j*g = -7*g + 28. What are the prime factors of g?
2, 7
Let s = 6 + -4. Let m = 2 + s. Suppose m*n - 2*n - 26 = 0. List the prime factors of n.
13
Let o(q) = -q**2 - 6*q + 3. Let n be o(-6). Suppose -2*h - 3*h = 25. List the prime factors of (h/3)/(n/(-18)).
2, 5
Suppose 5*a - 56 = s + 134, 15 = -3*s. List the prime factors of a.
37
Let h = 6 + -4. Suppose 2*k + 14 = h*m - 0, 4*k = -5*m - 1. What are the prime factors of m/6*-2*-13?
13
Suppose 4*y - 21 - 43 = 0. Suppose -3*j + 137 = -y. List the prime factors of j.
3, 17
Suppose 0 = 3*j - h - 656, 3*j + 3*h = -0*h + 636. List the prime factors of j.
7, 31
Let q = 24 + -20. Suppose 0 = -5*s + 2*o + 131, -5*s - q*o + 11 = -102. What are the prime factors of s?
5
Let y(d) = d**3 - 4*d**2 - 5*d + 2. Let x be y(5). Let w(z) = -1 + z**2 - z + 0*z**x + 4. List the prime factors of w(3).
3
List the prime factors of 14370/70 + 4/(-14).
5, 41
Let m = 9 - -4. List the prime factors of m.
13
Suppose 0 = 3*d - 9. Let x be (-2 + d)/(2/26). Let q = 21 - x. List the prime factors of q.
2
What are the prime factors of (-7)/(-2)*2*30*1?
2, 3, 5, 7
List the prime factors of (-8)/(-6) - 1118/(-39).
2, 3, 5
Let c = 21 - 7. List the prime factors of c.
2, 7
Suppose -5*n + 20 - 1 = -3*i, -4*n + 26 = 3*i. Let j be 2/(-4)*0/(-1). Suppose -n*v + 60 - 15 = j. What are the prime factors of v?
3
Let l(q) = q**3 - 3*q**2 + q - 8. Let i be l(7). List the prime factors of i/21 + (-4)/14.
3
Let p(j) = j**2 - 6*j - 6. Let s be p(8). Let f = s + -6. What are the prime factors of f?
2
Let s(n) = -n**2 - 11*n + 5. What are the prime factors of s(-8)?
29
Let u = -15 - -19. List the prime factors of u.
2
Suppose 0 = -2*q - 5*n - 1, 0 = 2*q + 3*q - n - 38. Suppose -w + 9 = -q. Let a = w - 4. What are the prime factors of a?
2, 3
Let x(h) = -8*h**2 + 2*h + 2. Let g be x(-1). Let s = g + 10. List the prime factors of s.
2
Let w(h) = 9*h**2 - 2*h - 1. Let v be w(-1). Let k(q) = 2*q + 1. List the prime factors of k(v).
3, 7
Let k(o) = -o**2 + o + 1. Let i(r) = 2*r**2 - 5*r - 5. Let u(y) = -i(y) - k(y). Let g be u(4). Let s = g + 7. List the prime factors of s.
11
Let g(x) = 3*x + 19. What are the prime factors of g(14)?
61
Let n(a) = 4*a - 8. What are the prime factors of n(7)?
2, 5
Suppose 3*n - 5*h = 4*n - 28, n + 2*h = 22. What are the prime factors of n?
2, 3
Let d be (-76)/(-8) + (-1)/(-2). Suppose -3*z - 2*z = d. List the prime factors of (-5)/z*(-12)/(-10).
3
Suppose 0 = 2*i + 2*d - 76, d + 151 - 53 = 3*i. What are the prime factors of i?
2, 17
Let j = -82 - -118. What are the prime factors of j?
2, 3
Suppose 0 = 4*i - 2*i. Let n be 2/(-1 - (i + -2)). Let m = n - -2. What are the prime factors of m?
2
Let n(j) = 32*j - 1. List the prime factors of n(2).
3, 7
Suppose -3*c - 2*c + 605 = 0. Suppose -2*k - 89 = -4*z - 3*k, -5*z + c = -2*k. What are the prime factors of z?
23
Let d be 0/(-2) + 4*3. Suppose -5*y + y + d = 0. List the prime factors of y.
3
Let d be ((-4)/(-3))/((-2)/(-6)). Suppose 2*c - 4*c = -d. Suppose -c - 3 = -b. What are the prime factors of b?
5
Let b(d) = d**2 + 5*d + 8. Let w be b(-4). Suppose -w*m = -m - 96. What are the prime factors of m?
2
Let s(q) be the first derivative of -q**4/4 + 16*q**3/3 - 7*q**2 + 16*q - 5. List the prime factors of s(15).
31
Let d = 1 + 5. Suppose -3*x = -x - 8. List the prime factors of (4/d)/(x/24).
2
Let f(t) = 8*t + 8. What are the prime factors of f(7)?
2
Let a(o) = o**2 + 5*o - 4. Let k be a(-5). What are the prime factors of k/6*78/(-4)?
13
Let p be (-4)/6*(-12)/(-1). Let u(d) = d**3 - 7*d**2 + 4*d - 9. Let b be u(7). Let m = b + p. List the prime factors of m.
11
Suppose 2*w = -4*t - 6, -40 = -0*w - 4*w + 5*t. Suppose 0 = w*q, -k + q = -2*q - 7. What are the prime factors of k?
7
Suppose 3*k - 5*x = 60, 3*x = 2*k + 21 - 60. What are the prime factors of k?
3, 5
Let b be 18/(-81) - 830/(-9). Suppose b = 4*r - 0*r. List the prime factors of r.
23
Let j = -167 + 328. Suppose -j = -5*f - 6. List the prime factors of f.
31
Let a be 17/(-2)*(-5 + 1). Let l = 73 - a. What are the prime factors of (l/12)/((-3)/(-12))?
13
Let c(f) = -7*f + 8. What are the prime factors of c(-5)?
43
Suppose 364 = 5*w + v, 0 = -3*w - 2*v - 65 + 289. List the prime factors of w.
2, 3
Let f = -10 - -15. Suppose 0*h - f = -h. Suppose h*r + 13 = -4*s + 54, 22 = 2*r - 4*s. What are the prime factors of r?
3
Suppose -s + 86 = z, -5*s + z + 406 = -0*z. List the prime factors of s.
2, 41
Suppose n - 3*h = -7*h + 10, -9 = -2*n + 3*h. Suppose -2*v - 101 = -3*f, 5*v - 4 = n. Suppose -y = 3*b, -4*y + b + f + 4 = 0. Wh